{"id":161,"date":"2023-07-04T10:47:23","date_gmt":"2023-07-04T10:47:23","guid":{"rendered":"http:\/\/vigna.ch\/?page_id=161"},"modified":"2023-08-11T11:56:26","modified_gmt":"2023-08-11T11:56:26","slug":"preise","status":"publish","type":"page","link":"https:\/\/vigna.ch\/?page_id=161","title":{"rendered":"Preise"},"content":{"rendered":"\t\t<div data-elementor-type=\"wp-page\" data-elementor-id=\"161\" class=\"elementor elementor-161\">\n\t\t\t\t\t\t<section class=\"elementor-section elementor-top-section elementor-element elementor-element-b4a3a5c elementor-hidden-tablet elementor-hidden-mobile elementor-section-boxed elementor-section-height-default elementor-section-height-default\" data-id=\"b4a3a5c\" data-element_type=\"section\" data-e-type=\"section\">\n\t\t\t\t\t\t<div class=\"elementor-container elementor-column-gap-default\">\n\t\t\t\t\t<div class=\"elementor-column elementor-col-50 elementor-top-column elementor-element elementor-element-7c142db\" data-id=\"7c142db\" data-element_type=\"column\" data-e-type=\"column\">\n\t\t\t<div class=\"elementor-widget-wrap elementor-element-populated\">\n\t\t\t\t\t\t<div class=\"elementor-element elementor-element-a45bf20 elementor-widget elementor-widget-spacer\" data-id=\"a45bf20\" data-element_type=\"widget\" data-e-type=\"widget\" data-widget_type=\"spacer.default\">\n\t\t\t\t<div class=\"elementor-widget-container\">\n\t\t\t\t\t\t\t<div class=\"elementor-spacer\">\n\t\t\t<div class=\"elementor-spacer-inner\"><\/div>\n\t\t<\/div>\n\t\t\t\t\t\t<\/div>\n\t\t\t\t<\/div>\n\t\t\t\t<div class=\"elementor-element elementor-element-35e9d7f elementor-widget__width-initial elementor-widget elementor-widget-image\" data-id=\"35e9d7f\" data-element_type=\"widget\" data-e-type=\"widget\" data-widget_type=\"image.default\">\n\t\t\t\t<div class=\"elementor-widget-container\">\n\t\t\t\t\t\t\t\t\t\t\t\t\t\t\t<img fetchpriority=\"high\" decoding=\"async\" width=\"512\" height=\"512\" src=\"https:\/\/vigna.ch\/wp-content\/uploads\/2023\/07\/cropped-Traubenmotiv-Logo-1.jpeg\" class=\"attachment-large size-large wp-image-178\" alt=\"\" srcset=\"https:\/\/vigna.ch\/wp-content\/uploads\/2023\/07\/cropped-Traubenmotiv-Logo-1.jpeg 512w, https:\/\/vigna.ch\/wp-content\/uploads\/2023\/07\/cropped-Traubenmotiv-Logo-1-300x300.jpeg 300w, https:\/\/vigna.ch\/wp-content\/uploads\/2023\/07\/cropped-Traubenmotiv-Logo-1-150x150.jpeg 150w, https:\/\/vigna.ch\/wp-content\/uploads\/2023\/07\/cropped-Traubenmotiv-Logo-1-508x508.jpeg 508w, https:\/\/vigna.ch\/wp-content\/uploads\/2023\/07\/cropped-Traubenmotiv-Logo-1-270x270.jpeg 270w, https:\/\/vigna.ch\/wp-content\/uploads\/2023\/07\/cropped-Traubenmotiv-Logo-1-192x192.jpeg 192w, https:\/\/vigna.ch\/wp-content\/uploads\/2023\/07\/cropped-Traubenmotiv-Logo-1-180x180.jpeg 180w, https:\/\/vigna.ch\/wp-content\/uploads\/2023\/07\/cropped-Traubenmotiv-Logo-1-32x32.jpeg 32w\" sizes=\"(max-width: 512px) 100vw, 512px\" \/>\t\t\t\t\t\t\t\t\t\t\t\t\t\t\t<\/div>\n\t\t\t\t<\/div>\n\t\t\t\t<div class=\"elementor-element elementor-element-7f1b7c9 elementor-widget elementor-widget-spacer\" data-id=\"7f1b7c9\" data-element_type=\"widget\" data-e-type=\"widget\" data-widget_type=\"spacer.default\">\n\t\t\t\t<div class=\"elementor-widget-container\">\n\t\t\t\t\t\t\t<div class=\"elementor-spacer\">\n\t\t\t<div class=\"elementor-spacer-inner\"><\/div>\n\t\t<\/div>\n\t\t\t\t\t\t<\/div>\n\t\t\t\t<\/div>\n\t\t\t\t<div class=\"elementor-element elementor-element-df3aa43 elementor-widget__width-initial elementor-widget elementor-widget-image\" data-id=\"df3aa43\" data-element_type=\"widget\" data-e-type=\"widget\" data-widget_type=\"image.default\">\n\t\t\t\t<div class=\"elementor-widget-container\">\n\t\t\t\t\t\t\t\t\t\t\t\t\t\t\t<img decoding=\"async\" width=\"600\" height=\"400\" src=\"https:\/\/vigna.ch\/wp-content\/uploads\/2023\/07\/NIK_06722-1024x683.jpeg\" class=\"attachment-large size-large wp-image-872\" alt=\"\" srcset=\"https:\/\/vigna.ch\/wp-content\/uploads\/2023\/07\/NIK_06722-1024x683.jpeg 1024w, https:\/\/vigna.ch\/wp-content\/uploads\/2023\/07\/NIK_06722-300x200.jpeg 300w, https:\/\/vigna.ch\/wp-content\/uploads\/2023\/07\/NIK_06722-768x512.jpeg 768w, https:\/\/vigna.ch\/wp-content\/uploads\/2023\/07\/NIK_06722-1536x1024.jpeg 1536w, https:\/\/vigna.ch\/wp-content\/uploads\/2023\/07\/NIK_06722-2048x1365.jpeg 2048w, https:\/\/vigna.ch\/wp-content\/uploads\/2023\/07\/NIK_06722-500x333.jpeg 500w, https:\/\/vigna.ch\/wp-content\/uploads\/2023\/07\/NIK_06722-800x533.jpeg 800w, https:\/\/vigna.ch\/wp-content\/uploads\/2023\/07\/NIK_06722-1280x853.jpeg 1280w, https:\/\/vigna.ch\/wp-content\/uploads\/2023\/07\/NIK_06722-1920x1280.jpeg 1920w, https:\/\/vigna.ch\/wp-content\/uploads\/2023\/07\/NIK_06722-1240x827.jpeg 1240w, https:\/\/vigna.ch\/wp-content\/uploads\/2023\/07\/NIK_06722-508x339.jpeg 508w\" sizes=\"(max-width: 600px) 100vw, 600px\" \/>\t\t\t\t\t\t\t\t\t\t\t\t\t\t\t<\/div>\n\t\t\t\t<\/div>\n\t\t\t\t\t<\/div>\n\t\t<\/div>\n\t\t\t\t<div class=\"elementor-column elementor-col-50 elementor-top-column elementor-element elementor-element-059a515\" data-id=\"059a515\" data-element_type=\"column\" data-e-type=\"column\">\n\t\t\t<div class=\"elementor-widget-wrap elementor-element-populated\">\n\t\t\t\t\t\t<div class=\"elementor-element elementor-element-8f29e32 custom-absatz custom-link-color elementor-widget elementor-widget-text-editor\" data-id=\"8f29e32\" data-element_type=\"widget\" data-e-type=\"widget\" data-widget_type=\"text-editor.default\">\n\t\t\t\t<div class=\"elementor-widget-container\">\n\t\t\t\t\t\t\t\t\t<h1>MIETE<\/h1><p>Vermietung wochenweise von Samstag zu Samstag,<\/p><p>Mitte M\u00e4rz bis Ende Oktober.\u00a0 (Einrichtung f\u00fcr max. 4-5 Personen)\u00a0<\/p><p>Mietkosten ganze Saison:<\/p><ul><li>1 Woche: \u00a0 Fr.\u00a0\u00a0 750.-<\/li><li>2 Wochen: Fr. 1400.-<\/li><li>3 Wochen: Fr. 1950.-<\/li><\/ul><p>Langzeitmieten: ab 1 Monat m\u00f6glich. Miete nach Absprache.<\/p><p>\u00a0<\/p><p>Miete bis 3 Wochen: inkl. Bettw\u00e4sche, K\u00fcchenw\u00e4sche, Energie (Strom, Gas, Holz)<br \/>exkl. Frotteew\u00e4sche<br \/>exkl. Schlussreinigung: Fr. 90.-<\/p><p>Bei tadelloser Selbstreinigung entf\u00e4llt dieser Betrag.<\/p><p>\u00a0<\/p><p>\u00dcbernachtungsm\u00f6glichkeit f\u00fcr zus\u00e4tzliche Personen oder Besuch:<br \/>Bar Trattoria Stazione, Trontano. (Reservation \u00fcber Facebook oder <a href=\"http:\/\/vigna.ch\/?page_id=649\">Telefon<\/a>)<\/p>\t\t\t\t\t\t\t\t<\/div>\n\t\t\t\t<\/div>\n\t\t\t\t\t<\/div>\n\t\t<\/div>\n\t\t\t\t\t<\/div>\n\t\t<\/section>\n\t\t\t\t<section class=\"elementor-section elementor-top-section elementor-element elementor-element-c3e5e24 elementor-hidden-desktop elementor-hidden-mobile elementor-section-boxed elementor-section-height-default elementor-section-height-default\" data-id=\"c3e5e24\" data-element_type=\"section\" data-e-type=\"section\">\n\t\t\t\t\t\t<div class=\"elementor-container elementor-column-gap-default\">\n\t\t\t\t\t<div class=\"elementor-column elementor-col-20 elementor-top-column elementor-element elementor-element-a1c6568\" data-id=\"a1c6568\" data-element_type=\"column\" data-e-type=\"column\">\n\t\t\t<div class=\"elementor-widget-wrap elementor-element-populated\">\n\t\t\t\t\t\t<div class=\"elementor-element elementor-element-3acce5d elementor-widget-tablet__width-initial elementor-widget elementor-widget-image\" data-id=\"3acce5d\" data-element_type=\"widget\" data-e-type=\"widget\" data-widget_type=\"image.default\">\n\t\t\t\t<div class=\"elementor-widget-container\">\n\t\t\t\t\t\t\t\t\t\t\t\t\t\t\t<img fetchpriority=\"high\" decoding=\"async\" width=\"512\" height=\"512\" src=\"https:\/\/vigna.ch\/wp-content\/uploads\/2023\/07\/cropped-Traubenmotiv-Logo-1.jpeg\" class=\"attachment-large size-large wp-image-178\" alt=\"\" srcset=\"https:\/\/vigna.ch\/wp-content\/uploads\/2023\/07\/cropped-Traubenmotiv-Logo-1.jpeg 512w, https:\/\/vigna.ch\/wp-content\/uploads\/2023\/07\/cropped-Traubenmotiv-Logo-1-300x300.jpeg 300w, https:\/\/vigna.ch\/wp-content\/uploads\/2023\/07\/cropped-Traubenmotiv-Logo-1-150x150.jpeg 150w, https:\/\/vigna.ch\/wp-content\/uploads\/2023\/07\/cropped-Traubenmotiv-Logo-1-508x508.jpeg 508w, https:\/\/vigna.ch\/wp-content\/uploads\/2023\/07\/cropped-Traubenmotiv-Logo-1-270x270.jpeg 270w, https:\/\/vigna.ch\/wp-content\/uploads\/2023\/07\/cropped-Traubenmotiv-Logo-1-192x192.jpeg 192w, https:\/\/vigna.ch\/wp-content\/uploads\/2023\/07\/cropped-Traubenmotiv-Logo-1-180x180.jpeg 180w, https:\/\/vigna.ch\/wp-content\/uploads\/2023\/07\/cropped-Traubenmotiv-Logo-1-32x32.jpeg 32w\" sizes=\"(max-width: 512px) 100vw, 512px\" \/>\t\t\t\t\t\t\t\t\t\t\t\t\t\t\t<\/div>\n\t\t\t\t<\/div>\n\t\t\t\t\t<\/div>\n\t\t<\/div>\n\t\t\t\t<div class=\"elementor-column elementor-col-20 elementor-top-column elementor-element elementor-element-24281ed\" data-id=\"24281ed\" data-element_type=\"column\" data-e-type=\"column\">\n\t\t\t<div class=\"elementor-widget-wrap\">\n\t\t\t\t\t\t\t<\/div>\n\t\t<\/div>\n\t\t\t\t<div class=\"elementor-column elementor-col-20 elementor-top-column elementor-element elementor-element-03926c3\" data-id=\"03926c3\" data-element_type=\"column\" data-e-type=\"column\">\n\t\t\t<div class=\"elementor-widget-wrap\">\n\t\t\t\t\t\t\t<\/div>\n\t\t<\/div>\n\t\t\t\t<div class=\"elementor-column elementor-col-20 elementor-top-column elementor-element elementor-element-7c5b2b1\" data-id=\"7c5b2b1\" data-element_type=\"column\" data-e-type=\"column\">\n\t\t\t<div class=\"elementor-widget-wrap\">\n\t\t\t\t\t\t\t<\/div>\n\t\t<\/div>\n\t\t\t\t<div class=\"elementor-column elementor-col-20 elementor-top-column elementor-element elementor-element-b3261df\" data-id=\"b3261df\" data-element_type=\"column\" data-e-type=\"column\">\n\t\t\t<div class=\"elementor-widget-wrap\">\n\t\t\t\t\t\t\t<\/div>\n\t\t<\/div>\n\t\t\t\t\t<\/div>\n\t\t<\/section>\n\t\t\t\t<section class=\"elementor-section elementor-top-section elementor-element elementor-element-23e3f38 elementor-hidden-desktop elementor-hidden-mobile elementor-section-boxed elementor-section-height-default elementor-section-height-default\" data-id=\"23e3f38\" data-element_type=\"section\" data-e-type=\"section\">\n\t\t\t\t\t\t<div class=\"elementor-container elementor-column-gap-default\">\n\t\t\t\t\t<div class=\"elementor-column elementor-col-100 elementor-top-column elementor-element elementor-element-74a4c6c\" data-id=\"74a4c6c\" data-element_type=\"column\" data-e-type=\"column\">\n\t\t\t<div class=\"elementor-widget-wrap elementor-element-populated\">\n\t\t\t\t\t\t<div class=\"elementor-element elementor-element-18ab477 custom-absatz custom-link-color elementor-widget elementor-widget-text-editor\" data-id=\"18ab477\" data-element_type=\"widget\" data-e-type=\"widget\" data-widget_type=\"text-editor.default\">\n\t\t\t\t<div class=\"elementor-widget-container\">\n\t\t\t\t\t\t\t\t\t<h1>MIETE<\/h1><p>Vermietung wochenweise von Samstag zu Samstag,<\/p><p>Mitte M\u00e4rz bis Ende Oktober.\u00a0 (Einrichtung f\u00fcr max. 4-5 Personen)\u00a0<\/p><p>Mietkosten ganze Saison:<\/p><ul><li>1 Woche:\u00a0\u00a0 Fr.\u00a0\u00a0 750.-<\/li><li>2 Wochen: Fr. 1400.-<\/li><li>3 Wochen: Fr. 1950.-<\/li><\/ul><p>Langzeitmieten: ab 1 Monat m\u00f6glich. Miete nach Absprache.<\/p><p>\u00a0<\/p><p>Miete bis 3 Wochen: inkl. Bettw\u00e4sche, K\u00fcchenw\u00e4sche, Energie (Strom, Gas, Holz)<br \/>exkl. Frotteew\u00e4sche<br \/>exkl. Schlussreinigung: Fr. 90.-<\/p><p>Bei tadelloser Selbstreinigung entf\u00e4llt dieser Betrag.<\/p><p>\u00a0<\/p><p>\u00dcbernachtungsm\u00f6glichkeit f\u00fcr zus\u00e4tzliche Personen oder Besuch:<br \/>Bar Trattoria Stazione, Trontano. (Reservation \u00fcber Facebook oder <a href=\"http:\/\/vigna.ch\/?page_id=646\">Telefon<\/a>)<\/p>\t\t\t\t\t\t\t\t<\/div>\n\t\t\t\t<\/div>\n\t\t\t\t\t<\/div>\n\t\t<\/div>\n\t\t\t\t\t<\/div>\n\t\t<\/section>\n\t\t\t\t<section class=\"elementor-section elementor-top-section elementor-element elementor-element-d73f39e elementor-hidden-desktop elementor-hidden-tablet elementor-section-boxed elementor-section-height-default elementor-section-height-default\" data-id=\"d73f39e\" data-element_type=\"section\" data-e-type=\"section\">\n\t\t\t\t\t\t<div class=\"elementor-container elementor-column-gap-default\">\n\t\t\t\t\t<div class=\"elementor-column elementor-col-100 elementor-top-column elementor-element elementor-element-a799a97\" data-id=\"a799a97\" data-element_type=\"column\" data-e-type=\"column\">\n\t\t\t<div class=\"elementor-widget-wrap elementor-element-populated\">\n\t\t\t\t\t\t<div class=\"elementor-element elementor-element-7229eba elementor-widget-mobile__width-initial elementor-widget elementor-widget-image\" data-id=\"7229eba\" data-element_type=\"widget\" data-e-type=\"widget\" data-widget_type=\"image.default\">\n\t\t\t\t<div class=\"elementor-widget-container\">\n\t\t\t\t\t\t\t\t\t\t\t\t\t\t\t<img fetchpriority=\"high\" decoding=\"async\" width=\"512\" height=\"512\" src=\"https:\/\/vigna.ch\/wp-content\/uploads\/2023\/07\/cropped-Traubenmotiv-Logo-1.jpeg\" class=\"attachment-large size-large wp-image-178\" alt=\"\" srcset=\"https:\/\/vigna.ch\/wp-content\/uploads\/2023\/07\/cropped-Traubenmotiv-Logo-1.jpeg 512w, https:\/\/vigna.ch\/wp-content\/uploads\/2023\/07\/cropped-Traubenmotiv-Logo-1-300x300.jpeg 300w, https:\/\/vigna.ch\/wp-content\/uploads\/2023\/07\/cropped-Traubenmotiv-Logo-1-150x150.jpeg 150w, https:\/\/vigna.ch\/wp-content\/uploads\/2023\/07\/cropped-Traubenmotiv-Logo-1-508x508.jpeg 508w, https:\/\/vigna.ch\/wp-content\/uploads\/2023\/07\/cropped-Traubenmotiv-Logo-1-270x270.jpeg 270w, https:\/\/vigna.ch\/wp-content\/uploads\/2023\/07\/cropped-Traubenmotiv-Logo-1-192x192.jpeg 192w, https:\/\/vigna.ch\/wp-content\/uploads\/2023\/07\/cropped-Traubenmotiv-Logo-1-180x180.jpeg 180w, https:\/\/vigna.ch\/wp-content\/uploads\/2023\/07\/cropped-Traubenmotiv-Logo-1-32x32.jpeg 32w\" sizes=\"(max-width: 512px) 100vw, 512px\" \/>\t\t\t\t\t\t\t\t\t\t\t\t\t\t\t<\/div>\n\t\t\t\t<\/div>\n\t\t\t\t\t<\/div>\n\t\t<\/div>\n\t\t\t\t\t<\/div>\n\t\t<\/section>\n\t\t\t\t<section class=\"elementor-section elementor-top-section elementor-element elementor-element-48650d3 elementor-hidden-desktop elementor-hidden-tablet elementor-section-boxed elementor-section-height-default elementor-section-height-default\" data-id=\"48650d3\" data-element_type=\"section\" data-e-type=\"section\">\n\t\t\t\t\t\t<div class=\"elementor-container elementor-column-gap-default\">\n\t\t\t\t\t<div class=\"elementor-column elementor-col-50 elementor-top-column elementor-element elementor-element-c546009\" data-id=\"c546009\" data-element_type=\"column\" data-e-type=\"column\">\n\t\t\t<div class=\"elementor-widget-wrap\">\n\t\t\t\t\t\t\t<\/div>\n\t\t<\/div>\n\t\t\t\t<div class=\"elementor-column elementor-col-50 elementor-top-column elementor-element elementor-element-934097c\" data-id=\"934097c\" data-element_type=\"column\" data-e-type=\"column\">\n\t\t\t<div class=\"elementor-widget-wrap elementor-element-populated\">\n\t\t\t\t\t\t<div class=\"elementor-element elementor-element-53aeac1 custom-absatz elementor-widget elementor-widget-text-editor\" data-id=\"53aeac1\" data-element_type=\"widget\" data-e-type=\"widget\" data-widget_type=\"text-editor.default\">\n\t\t\t\t<div class=\"elementor-widget-container\">\n\t\t\t\t\t\t\t\t\t<h1>MIETE<\/h1><p>Vermietung wochenweise von Samstag zu Samstag,<\/p><p>Mitte M\u00e4rz bis Ende Oktober.\u00a0 (Einrichtung f\u00fcr max. 4-5 Personen)\u00a0<\/p><p>Mietkosten ganze Saison:<\/p><ul><li>1 Woche:\u00a0\u00a0 Fr.\u00a0\u00a0 750.-<\/li><li>2 Wochen: Fr. 1400.- <\/li><li>3 Wochen: Fr. 1950.- <\/li><\/ul><p>Langzeitmieten: ab 1 Monat m\u00f6glich. Miete nach Absprache.<\/p><p>\u00a0<\/p><p>Miete bis 3 Wochen: inkl. Bettw\u00e4sche, K\u00fcchenw\u00e4sche, Energie (Strom, Gas, Holz)<br \/>exkl. Frotteew\u00e4sche<br \/>exkl. Schlussreinigung: Fr. 90.-<\/p><p>Bei tadelloser Selbstreinigung entf\u00e4llt dieser Betrag.<\/p><p>\u00a0<\/p><p>\u00dcbernachtungsm\u00f6glichkeit f\u00fcr zus\u00e4tzliche Personen oder Besuch:<br \/>Bar Trattoria Stazione, Trontano. (Reservation \u00fcber Facebook oder Telefon)<\/p>\t\t\t\t\t\t\t\t<\/div>\n\t\t\t\t<\/div>\n\t\t\t\t\t<\/div>\n\t\t<\/div>\n\t\t\t\t\t<\/div>\n\t\t<\/section>\n\t\t\t\t<section class=\"elementor-section elementor-top-section elementor-element elementor-element-7952693 elementor-hidden-desktop elementor-section-boxed elementor-section-height-default elementor-section-height-default\" data-id=\"7952693\" data-element_type=\"section\" data-e-type=\"section\">\n\t\t\t\t\t\t<div class=\"elementor-container elementor-column-gap-default\">\n\t\t\t\t\t<div class=\"elementor-column elementor-col-100 elementor-top-column elementor-element elementor-element-a2e170b\" data-id=\"a2e170b\" data-element_type=\"column\" data-e-type=\"column\">\n\t\t\t<div class=\"elementor-widget-wrap elementor-element-populated\">\n\t\t\t\t\t\t<div class=\"elementor-element elementor-element-23fb594 elementor-widget elementor-widget-image\" data-id=\"23fb594\" data-element_type=\"widget\" data-e-type=\"widget\" data-widget_type=\"image.default\">\n\t\t\t\t<div class=\"elementor-widget-container\">\n\t\t\t\t\t\t\t\t\t\t\t\t\t\t\t<img decoding=\"async\" width=\"600\" height=\"400\" src=\"https:\/\/vigna.ch\/wp-content\/uploads\/2023\/07\/NIK_06722-1024x683.jpeg\" class=\"attachment-large size-large wp-image-872\" alt=\"\" srcset=\"https:\/\/vigna.ch\/wp-content\/uploads\/2023\/07\/NIK_06722-1024x683.jpeg 1024w, https:\/\/vigna.ch\/wp-content\/uploads\/2023\/07\/NIK_06722-300x200.jpeg 300w, https:\/\/vigna.ch\/wp-content\/uploads\/2023\/07\/NIK_06722-768x512.jpeg 768w, https:\/\/vigna.ch\/wp-content\/uploads\/2023\/07\/NIK_06722-1536x1024.jpeg 1536w, https:\/\/vigna.ch\/wp-content\/uploads\/2023\/07\/NIK_06722-2048x1365.jpeg 2048w, https:\/\/vigna.ch\/wp-content\/uploads\/2023\/07\/NIK_06722-500x333.jpeg 500w, https:\/\/vigna.ch\/wp-content\/uploads\/2023\/07\/NIK_06722-800x533.jpeg 800w, https:\/\/vigna.ch\/wp-content\/uploads\/2023\/07\/NIK_06722-1280x853.jpeg 1280w, https:\/\/vigna.ch\/wp-content\/uploads\/2023\/07\/NIK_06722-1920x1280.jpeg 1920w, https:\/\/vigna.ch\/wp-content\/uploads\/2023\/07\/NIK_06722-1240x827.jpeg 1240w, https:\/\/vigna.ch\/wp-content\/uploads\/2023\/07\/NIK_06722-508x339.jpeg 508w\" sizes=\"(max-width: 600px) 100vw, 600px\" \/>\t\t\t\t\t\t\t\t\t\t\t\t\t\t\t<\/div>\n\t\t\t\t<\/div>\n\t\t\t\t\t<\/div>\n\t\t<\/div>\n\t\t\t\t\t<\/div>\n\t\t<\/section>\n\t\t\t\t<section class=\"elementor-section elementor-top-section elementor-element elementor-element-efaf1d3 elementor-section-boxed elementor-section-height-default elementor-section-height-default\" data-id=\"efaf1d3\" data-element_type=\"section\" data-e-type=\"section\">\n\t\t\t\t\t\t<div class=\"elementor-container elementor-column-gap-default\">\n\t\t\t\t\t<div class=\"elementor-column elementor-col-100 elementor-top-column elementor-element elementor-element-70222f8\" data-id=\"70222f8\" data-element_type=\"column\" data-e-type=\"column\">\n\t\t\t<div class=\"elementor-widget-wrap\">\n\t\t\t\t\t\t\t<\/div>\n\t\t<\/div>\n\t\t\t\t\t<\/div>\n\t\t<\/section>\n\t\t\t\t<\/div>\n\t\t","protected":false},"excerpt":{"rendered":"<p>MIETE Vermietung wochenweise von Samstag zu Samstag, Mitte M\u00e4rz bis Ende Oktober.\u00a0 (Einrichtung f\u00fcr max. 4-5 Personen)\u00a0 Mietkosten ganze Saison: 1 Woche: \u00a0 Fr.\u00a0\u00a0 750.- 2 Wochen: Fr. 1400.- 3 Wochen: Fr. 1950.- Langzeitmieten: ab 1 Monat m\u00f6glich. Miete nach Absprache. \u00a0 Miete bis 3 Wochen: inkl. Bettw\u00e4sche, K\u00fcchenw\u00e4sche, Energie (Strom, Gas, Holz)exkl. Frotteew\u00e4scheexkl. Schlussreinigung: [&hellip;]<\/p>\n","protected":false},"author":1,"featured_media":0,"parent":0,"menu_order":0,"comment_status":"closed","ping_status":"closed","template":"elementor_header_footer","meta":{"_mc_calendar":[],"_vp_format_video_url":"","_vp_image_focal_point":[],"footnotes":""},"class_list":["post-161","page","type-page","status-publish","hentry"],"_links":{"self":[{"href":"https:\/\/vigna.ch\/index.php?rest_route=\/wp\/v2\/pages\/161","targetHints":{"allow":["GET"]}}],"collection":[{"href":"https:\/\/vigna.ch\/index.php?rest_route=\/wp\/v2\/pages"}],"about":[{"href":"https:\/\/vigna.ch\/index.php?rest_route=\/wp\/v2\/types\/page"}],"author":[{"embeddable":true,"href":"https:\/\/vigna.ch\/index.php?rest_route=\/wp\/v2\/users\/1"}],"replies":[{"embeddable":true,"href":"https:\/\/vigna.ch\/index.php?rest_route=%2Fwp%2Fv2%2Fcomments&post=161"}],"version-history":[{"count":103,"href":"https:\/\/vigna.ch\/index.php?rest_route=\/wp\/v2\/pages\/161\/revisions"}],"predecessor-version":[{"id":1076,"href":"https:\/\/vigna.ch\/index.php?rest_route=\/wp\/v2\/pages\/161\/revisions\/1076"}],"wp:attachment":[{"href":"https:\/\/vigna.ch\/index.php?rest_route=%2Fwp%2Fv2%2Fmedia&parent=161"}],"curies":[{"name":"wp","href":"https:\/\/api.w.org\/{rel}","templated":true}]}}